{"id":207,"date":"2019-02-27T10:25:51","date_gmt":"2019-02-27T10:25:51","guid":{"rendered":"http:\/\/www.vzschrudim.cz\/?page_id=207"},"modified":"2023-06-14T22:49:52","modified_gmt":"2023-06-14T22:49:52","slug":"vodni-zachranna-sluzba-cck-z-s","status":"publish","type":"page","link":"https:\/\/www.vzschrudim.cz\/index.php\/kdo-jsme-2\/vodni-zachranna-sluzba-cck-z-s\/","title":{"rendered":"Vodn\u00ed z\u00e1chrann\u00e1 slu\u017eba \u010c\u010cK"},"content":{"rendered":"<p><span style=\"font-size: 16px; font-family: arial, helvetica, sans-serif;\"><strong>Vodn\u00ed z\u00e1chrann\u00e1 slu\u017eba \u010c\u010cK, zapsan\u00fd spolek (d\u00e1le VZS)<\/strong>&nbsp;byla zalo\u017eena v roce 1968. Je nejv\u011bt\u0161\u00ed a nejstar\u0161\u00ed celost\u00e1tn\u00ed organizac\u00ed v\u011bnuj\u00edc\u00ed se vodn\u00ed z\u00e1chran\u011b, vzd\u011bl\u00e1v\u00e1n\u00ed, z\u00e1chran\u00e1\u0159sk\u00e9mu sportu a dal\u0161\u00edm aktivit\u00e1m spojen\u00fdm s vodn\u00edm prost\u0159ed\u00edm. V sou\u010dasn\u00e9 dob\u011b p\u016fsob\u00ed v deseti kraj\u00edch \u010cesk\u00e9 republiky&nbsp;a je aktivn\u00ed sou\u010d\u00e1st\u00ed Integrovan\u00e9ho z\u00e1chrann\u00e9ho syst\u00e9mu \u010cR.<\/span><\/p>\n<p><span style=\"font-size: 16px; font-family: arial, helvetica, sans-serif;\">VZS je \u010dlenem mezin\u00e1rodn\u00ed organizace vodn\u00ed z\u00e1chrany&nbsp;<a href=\"http:\/\/ilsf.org\/\" target=\"_blank\" rel=\"noopener\">International Life Saving Federation<\/a>&nbsp;(ILS) a zastupuje \u010ceskou republiku na mezin\u00e1rodn\u00ed \u00farovni.<\/span><\/p>\n<p><span style=\"font-size: 16px; font-family: arial, helvetica, sans-serif;\">VZS je tak\u00e9 kolektivn\u00edm \u010dlenem&nbsp;<a href=\"http:\/\/www.cervenykriz.eu\/\" target=\"_blank\" rel=\"noopener\">\u010cesk\u00e9ho \u010derven\u00e9ho k\u0159\u00ed\u017ee<\/a>&nbsp;(\u010c\u010cK) a dodr\u017euje jeho principy a posl\u00e1n\u00ed.<\/span><\/p>\n<h2><span style=\"font-size: 16px; font-family: arial, helvetica, sans-serif;\">Vodn\u00ed z\u00e1chrann\u00e1 slu\u017eba \u010c\u010cK m\u00e1 \u010dty\u0159i hlavn\u00ed pil\u00ed\u0159e sv\u00e9 \u010dinnosti<\/span><\/h2>\n<ol>\n<li><span style=\"font-size: 16px; font-family: arial, helvetica, sans-serif;\">Z\u00e1chrana a poskytov\u00e1n\u00ed neodkladn\u00e9 roz\u0161\u00ed\u0159en\u00e9 prvn\u00ed pomoci na vodn\u00edch ploch\u00e1ch a v jejich bl\u00edzkosti, v\u010detn\u011b technick\u00e9 pomoci a z\u00e1chrany.<\/span><\/li>\n<li><span style=\"font-size: 16px; font-family: arial, helvetica, sans-serif;\">Vodn\u00ed z\u00e1chrann\u00e1 slu\u017eba \u010c\u010cK, z.s. jako aktivn\u00ed sou\u010d\u00e1st IZS.<\/span><\/li>\n<li><span style=\"font-size: 16px; font-family: arial, helvetica, sans-serif;\">Sport a volno\u010dasov\u00e9 aktivity pro ml\u00e1de\u017e i dosp\u011bl\u00e9, v\u010detn\u011b prevence tonut\u00ed.<\/span><\/li>\n<li><span style=\"font-size: 16px; font-family: arial, helvetica, sans-serif;\">Komplexn\u00ed vzd\u011bl\u00e1vac\u00ed \u0159\u00e1d z\u00e1chran\u00e1\u0159\u016f \u2013 od junior\u016f po specialisty na specifick\u00e9 typy vodn\u00edho prost\u0159ed\u00ed a lektory\/instruktory\/\u0161kolitele nejen pro slo\u017eky IZS.<\/span><\/li>\n<\/ol>\n<p><span style=\"font-size: 16px; font-family: arial, helvetica, sans-serif;\"><strong>1. Z\u00e1chrana a poskytov\u00e1n\u00ed neodkladn\u00e9 roz\u0161\u00ed\u0159en\u00e9 prvn\u00ed pomoci na otev\u0159en\u00fdch vodn\u00edch ploch\u00e1ch a v jejich bl\u00edzkosti, v\u010detn\u011b technick\u00e9 pomoci a z\u00e1chrany.<\/strong><\/span><\/p>\n<p><span style=\"font-size: 16px; font-family: arial, helvetica, sans-serif;\">VZS je jedin\u00e1 celost\u00e1tn\u00ed organizace sv\u00e9ho druhu p\u016fsob\u00edc\u00ed, zejm\u00e9na v letn\u00edch m\u011bs\u00edc\u00edch, na <a href=\"https:\/\/www.google.com\/maps\/d\/u\/0\/viewer?ll=49.64906625736836%2C15.409151500000014&amp;z=7&amp;mid=1E5IWEvbcI7jgfQ3Htcexd1CCZoI\">vodn\u00edch ploch\u00e1ch<\/a>, kde funguje v re\u017eimu 24 hod\/nonstop. Jako\u017eto ostatn\u00ed&nbsp;slo\u017eka za\u0159azen\u00e1 v Integrovan\u00e9m z\u00e1chrann\u00e9m syst\u00e9mu (IZS) je pak b\u011b\u017en\u011b vyu\u017e\u00edv\u00e1na k prim\u00e1rn\u00edm z\u00e1sah\u016fm na vodn\u00edch ploch\u00e1ch, nebo jejich bl\u00edzkosti krajsk\u00fdmi opera\u010dn\u00edmi st\u0159edisky Hasi\u010dsk\u00e9ho z\u00e1chrann\u00e9ho sboru \u010cR (HZS), Zdravotnick\u00fdch z\u00e1chrann\u00fdch slu\u017eeb (ZZS), Policie \u010cR, nebo reaguje na t\u00eds\u0148ov\u00e9 v\u00fdzvy p\u0159\u00edmo od ob\u010dan\u016f. Spolupracuje s&nbsp;Leteckou z\u00e1chrannou slu\u017ebou, St\u00e1tn\u00ed plavebn\u00ed spr\u00e1vou, M\u011bstskou Polici\u00ed, se spr\u00e1vci tok\u016f a vodn\u00edch n\u00e1dr\u017e\u00ed.<\/span><\/p>\n<p><span style=\"font-size: 16px; font-family: arial, helvetica, sans-serif;\">VZS p\u016fsob\u00ed zejm\u00e9na v lokalit\u00e1ch, kde tyto lokality bez rychl\u00e9ho nasazen\u00ed motorov\u00e9ho plavidla jsou pro pozemn\u00ed slo\u017eky obt\u00ed\u017en\u011b, nebo zcela nedostupn\u00e9. Z\u00e1sadn\u00ed je i velmi dobr\u00e1 znalost zaji\u0161\u0165ovan\u00fdch vodn\u00edch ploch, v\u0161ech rekrea\u010dn\u00edch oblast\u00ed, ubytovac\u00edch za\u0159\u00edzen\u00ed, restaurac\u00ed a ob\u010derstven\u00ed, kemp\u016f, b\u0159eh\u016f a jejich okol\u00ed, co\u017e je pro rychl\u00fd z\u00e1sah a z\u00e1chranu \u017eivota velmi \u010dasto kl\u00ed\u010dov\u00e9. Rychl\u00e1 odezva nap\u0159. na v\u00fdzvu tonut\u00ed, nebo stavu bezprost\u0159edn\u011b po tonut\u00ed, z\u00e1sadn\u011b zvy\u0161uje \u0161anci na p\u0159e\u017eit\u00ed. VZS poskytuje sv\u00e9 \u010dluny rovn\u011b\u017e pos\u00e1dk\u00e1m ZZS do obt\u00ed\u017en\u011b dostupn\u00fdch m\u00edst a pro n\u00e1sledn\u00fd rychl\u00fd transport pacienta \u010dlunem VZS k sanitn\u00edmu vozu nebo vrtuln\u00edku Leteck\u00e9 z\u00e1chrann\u00e9 slu\u017eby (LZS).<\/span><\/p>\n<p><span style=\"font-size: 16px; font-family: arial, helvetica, sans-serif;\">V letn\u00edch m\u011bs\u00edc\u00edch VZS&nbsp;zaji\u0161\u0165uje vybran\u00e9 vodn\u00ed plochy po cel\u00e9 \u010cesk\u00e9 republice. Jedn\u00e1 se o:<\/span><\/p>\n<p><span style=\"font-size: 16px; font-family: arial, helvetica, sans-serif;\">Lipno,&nbsp;Orl\u00edk, Slapy,&nbsp;Hracholusky,&nbsp;Dale\u0161ice,&nbsp;Novoml\u00fdnsk\u00e1 n\u00e1dr\u017e I (Mu\u0161ovsk\u00e1 \u2013 horn\u00ed),&nbsp;Novoml\u00fdnsk\u00e1 n\u00e1dr\u017e III (Novoml\u00fdnsk\u00e1 \u2013 doln\u00ed),&nbsp;T\u011brlicko,&nbsp;Rozko\u0161,&nbsp;Nechranice,&nbsp;Se\u010d,&nbsp;Pastviny,&nbsp;Slezsk\u00e1 Harta,&nbsp;Jesenice,&nbsp;Hlu\u010d\u00edn,&nbsp;M\u0161eno<\/span><\/p>\n<p><span style=\"font-size: 16px; font-family: arial, helvetica, sans-serif;\">Viz.&nbsp;<a href=\"https:\/\/www.google.com\/maps\/d\/u\/0\/edit?mid=1E5IWEvbcI7jgfQ3Htcexd1CCZoI&amp;ll=49.64906625736836%2C15.409151500000007&amp;z=7\" target=\"_blank\" rel=\"noopener\">mapa lokalit<\/a>.<\/span><\/p>\n<p><span style=\"font-size: 16px; font-family: arial, helvetica, sans-serif;\">V n\u00e1sleduj\u00edc\u00edch letech pl\u00e1nujeme zaji\u0161t\u011bn\u00ed vodn\u00edch ploch Vranov, Skalka, Milada a jezero Most.<\/span><\/p>\n<p><span style=\"font-size: 16px; font-family: arial, helvetica, sans-serif;\">Utonut\u00ed pat\u0159\u00ed v \u010cesk\u00e9 republice mezi p\u011bt nej\u010dast\u011bj\u0161\u00edch \u00farazov\u00fdch p\u0159\u00ed\u010din smrti, u d\u011bt\u00ed se \u0159ad\u00ed na druh\u00e9 m\u00edsto po dopravn\u00edch nehod\u00e1ch. Z tohoto pohledu je \u010dinnost VZS na velk\u00fdch vodn\u00edch ploch\u00e1ch zcela nezastupiteln\u00e1 a nenahraditeln\u00e1. Ve\u0161kerou \u010dinnost d\u011blaj\u00ed dodnes vodn\u00ed z\u00e1chran\u00e1\u0159i zdarma ve sv\u00e9m voln\u00e9m \u010dase, p\u0159esto na zcela profesion\u00e1ln\u00ed \u00farovni.<\/span><\/p>\n<p><span style=\"font-size: 16px; font-family: arial, helvetica, sans-serif;\">Od roku 2016 poskytuje dotaci na Obnovu a rozvoj materi\u00e1ln\u011b-technick\u00e9 z\u00e1kladny VZS \u010c\u010cK a jej\u00ed provoz Ministerstvo vnitra \u010cR a Gener\u00e1ln\u00ed \u0159editelstv\u00ed Hasi\u010dsk\u00e9ho z\u00e1chrann\u00e9ho sboru \u010cR.<\/span><\/p>\n<p><span style=\"font-size: 16px; font-family: arial, helvetica, sans-serif;\"><strong>2. Vodn\u00ed z\u00e1chrann\u00e1 slu\u017eba \u010c\u010cK jako aktivn\u00ed sou\u010d\u00e1st IZS<\/strong><\/span><\/p>\n<p><span style=\"font-size: 16px; font-family: arial, helvetica, sans-serif;\">VZS je ostatn\u00ed slo\u017ekou IZS na z\u00e1klad\u011b \u201eDohody o pl\u00e1novan\u00e9 pomoci na vy\u017e\u00e1d\u00e1n\u00ed\u201c uzav\u0159en\u00e9 s Ministerstvem vnitra \u2013 Gener\u00e1ln\u00edm \u0159editelstv\u00edm HZS \u010cR a je tak\u00e9 zaps\u00e1na v \u00dast\u0159edn\u00edm poplachov\u00e9m pl\u00e1nu \u010cR.<\/span><\/p>\n<p><span style=\"font-size: 16px; font-family: arial, helvetica, sans-serif;\">Ji\u017e od katastrof\u00e1ln\u00edch povodn\u00ed v roce 1997 prok\u00e1zala VZS svoj\u00ed akceschopnost v nejn\u00e1ro\u010dn\u011bj\u0161\u00edch podm\u00ednk\u00e1ch. VZS m\u00e1 specialisty na z\u00e1sahy na voln\u00e9 a tekouc\u00ed vod\u011b, kte\u0159\u00ed jsou nasazov\u00e1ni do n\u00e1ro\u010dn\u00fdch podm\u00ednek, kde d\u00edky sv\u00e9mu v\u00fdcviku a vybaven\u00ed jsou schopni zajistit bezpe\u010dnou evakuaci, nebo z\u00e1chranu lid\u00ed a majetku.<\/span><br \/>\n<span style=\"font-size: 16px; font-family: arial, helvetica, sans-serif;\"> VZS a jej\u00ed z\u00e1chrann\u00e9 t\u00fdmy se od roku 1997 \u00fa\u010dastnily v\u0161ech povodn\u00ed, a\u0165 u\u017e v\u011bt\u0161\u00edho \u010di lok\u00e1ln\u00edho v\u00fdznamu. VZS je nasazov\u00e1na nejen p\u0159i povodn\u00edch \u010di z\u00e1plav\u00e1ch, ale i v p\u0159\u00edpad\u011b p\u00e1trac\u00edch akc\u00ed na vod\u011b, nebo v bl\u00edzkosti vodn\u00edch ploch a tok\u016f, i p\u0159i vyhled\u00e1v\u00e1n\u00ed utonul\u00fdch. VZS je rovn\u011b\u017e nasazov\u00e1na p\u0159i likvida\u010dn\u00edch prac\u00edch a z\u00e1chran\u011b majetku.<\/span><\/p>\n<p><span style=\"font-size: 16px; font-family: arial, helvetica, sans-serif;\"><strong>3. Sport a volno\u010dasov\u00e9 aktivity pro ml\u00e1de\u017e i dosp\u011bl\u00e9.<\/strong><\/span><\/p>\n<p><span style=\"font-size: 16px; font-family: arial, helvetica, sans-serif;\">Ka\u017edoro\u010dn\u011b se juniorsk\u00e1 i seniorsk\u00e1 reprezentace VZS \u00fa\u010dastn\u00ed Mistrovstv\u00ed Evropy a\/nebo Mistrovstv\u00ed sv\u011bta ve vodn\u00edm z\u00e1chrann\u00e9m sportu (Lifesaving). VZS m\u00e1 syst\u00e9m postupov\u00fdch sout\u011b\u017e\u00ed, kde se v\u0161ichni z\u00e1vodn\u00edci nominuj\u00ed do reprezentace dle sv\u00fdch v\u00fdsledk\u016f.<\/span><br \/>\n<span style=\"font-size: 16px; font-family: arial, helvetica, sans-serif;\"> Pobo\u010dn\u00e9 spolky p\u0159ipravuj\u00ed sportovce p\u0159i pravideln\u00fdch tr\u00e9ninc\u00edch a po\u0159\u00e1daj\u00ed jednotliv\u00e9 z\u00e1vody, p\u0159i\u010dem\u017e vyvrcholen\u00edm sout\u011b\u017en\u00ed sez\u00f3ny je pak Mistrovstv\u00ed republiky d\u011bt\u00ed a ml\u00e1de\u017ee v discipl\u00edn\u00e1ch ILS a tak\u00e9 Mistrovstv\u00ed republiky v pl\u00e1\u017eov\u00fdch discipl\u00edn\u00e1ch podle pravidel ILS. Dle v\u00fdsledk\u016f v t\u011bchto nomina\u010dn\u00edch z\u00e1vodech jsou pak vybr\u00e1ni reprezentanti na Mistrovstv\u00ed Evropy a Mistrovstv\u00ed sv\u011bta.<\/span><br \/>\n<span style=\"font-size: 16px; font-family: arial, helvetica, sans-serif;\"> Pobo\u010dn\u00e9 spolky po\u0159\u00e1daj\u00ed z\u00e1vody tak\u00e9 pro seniorskou \u010dlenskou z\u00e1kladnu, p\u0159\u00edkladem jsou Blanensk\u00e1 250 \u010di Tvrdo\u0161\u00edjn\u00ed v Jablonci na Nisou. \u010clenov\u00e9 prov\u011b\u0159\u00ed svou zdatnost tak\u00e9 p\u0159i Mistrovstv\u00ed republiky na voln\u00e9 vod\u011b.<\/span><\/p>\n<p><span style=\"font-size: 16px; font-family: arial, helvetica, sans-serif;\"><strong>4. Komplexn\u00ed vzd\u011bl\u00e1vac\u00ed \u0159\u00e1d z\u00e1chran\u00e1\u0159\u016f \u2013 od junior\u016f po specialisty na specifick\u00e9 typy vodn\u00edho prost\u0159ed\u00ed a lektory\/instruktory nejen pro slo\u017eky IZS.<\/strong><\/span><\/p>\n<p><span style=\"font-size: 16px; font-family: arial, helvetica, sans-serif;\">Ve sv\u00e9 pr\u00e1ci m\u016f\u017ee VZS, jako jedin\u00e1 v \u010cR, t\u011b\u017eit z \u010dlenstv\u00ed v ILS, co\u017e je nejv\u011bt\u0161\u00ed celosv\u011btov\u00e1 asociace vodn\u00ed z\u00e1chrany.<\/span><br \/>\n<span style=\"font-size: 16px; font-family: arial, helvetica, sans-serif;\"> VZS m\u00e1 vlastn\u00ed vzd\u011bl\u00e1vac\u00ed program, kter\u00fd p\u0159ipravuje \u010dleny ji\u017e od 6 let v\u011bku na jejich p\u016fsoben\u00ed ve VZS.<\/span><\/p>\n<p><span style=\"font-size: 16px; font-family: arial, helvetica, sans-serif;\">VZS spolupracuje p\u0159i v\u00fdcviku p\u0159\u00edslu\u0161n\u00edk\u016f a zam\u011bstnanc\u016f hlavn\u00edch i ostatn\u00edch slo\u017eek IZS, kde prov\u00e1d\u00ed v\u00fdcviky v oblasti ovl\u00e1d\u00e1n\u00ed motorov\u00fdch plavidel, hladinov\u00e9 slu\u017eby, divok\u00e9 vody a z\u00e1sahu v povodn\u00edch a specializovan\u00e9 z\u00e1chrany na led\u011b.<\/span><\/p>\n<p><span style=\"font-size: 16px; font-family: arial, helvetica, sans-serif;\">VZS je pro oblast preventivn\u00ed a z\u00e1chrann\u00e9 \u010dinnosti autorizovanou osobou a z\u00e1rove\u0148 m\u00e1 akreditovan\u00e9 kurzy Plav\u010d\u00edk, Mistr Plav\u010d\u00ed a Z\u00e1chran\u00e1\u0159 na voln\u00e9 vod\u011b. Tyto kvalifikace byly transformov\u00e1ny do syst\u00e9mu&nbsp;<a href=\"http:\/\/www.narodnikvalifikace.cz\/\" target=\"_blank\" rel=\"noopener\">N\u00e1rodn\u00ed soustavy kvalifikac\u00ed<\/a>&nbsp;(NSK) formou autorizovan\u00fdch zkou\u0161ek v souladu s&nbsp;<a href=\"http:\/\/katalog.nsp.cz\/\" target=\"_blank\" rel=\"noopener\">N\u00e1rodn\u00ed soustavou povol\u00e1n\u00ed<\/a>&nbsp;(NSP).&nbsp;Dopl\u0148ujeme i certifikovan\u00e9 kurzy v dal\u0161\u00edch syst\u00e9mech \u010di v kooperaci, jako nap\u0159\u00edklad Z\u00e1chran\u00e1\u0159sk\u00e9 minimum, Z\u00e1chrana na zamrzl\u00e9 vodn\u00ed hladin\u011b, apod.<\/span><br \/>\n<span style=\"font-size: 16px; font-family: arial, helvetica, sans-serif;\"> Frekventanti kurz\u016f VZS jsou sou\u010dasn\u011b p\u0159ipravov\u00e1ni na \u010dinnosti v r\u00e1mci z\u00e1sahov\u00e9 \u010dinnosti v IZS p\u0159i \u0159e\u0161en\u00ed mimo\u0159\u00e1dn\u00fdch ud\u00e1lost\u00ed. \u00dazk\u00e1 spolupr\u00e1ce se slo\u017ekami IZS v oblasti vzd\u011bl\u00e1v\u00e1n\u00ed a v\u00fdcviku je jednou z priorit, na kter\u00e9 VZS klade velk\u00fd d\u016fraz.<\/span><\/p>\n<p><span style=\"font-size: 16px; font-family: arial, helvetica, sans-serif;\">VZS je tak\u00e9 Pov\u011b\u0159enou osobou&nbsp;k ov\u011b\u0159ov\u00e1n\u00ed praktick\u00fdch dovednost\u00ed p\u0159i veden\u00ed mal\u00e9ho plavidla v kategori\u00edch M a S, kter\u00e9 vyd\u00e1v\u00e1&nbsp;<a href=\"http:\/\/plavebniurad.cz\/\" target=\"_blank\" rel=\"noopener\">St\u00e1tn\u00ed plavebn\u00ed spr\u00e1va<\/a>.<\/span><\/p>\n","protected":false},"excerpt":{"rendered":"<p>Vodn\u00ed z\u00e1chrann\u00e1 slu\u017eba \u010c\u010cK, zapsan\u00fd spolek (d\u00e1le VZS)&nbsp;byla zalo\u017eena v roce 1968. Je nejv\u011bt\u0161\u00ed a nejstar\u0161\u00ed celost\u00e1tn\u00ed organizac\u00ed v\u011bnuj\u00edc\u00ed se vodn\u00ed z\u00e1chran\u011b, vzd\u011bl\u00e1v\u00e1n\u00ed, z\u00e1chran\u00e1\u0159sk\u00e9mu sportu a dal\u0161\u00edm aktivit\u00e1m spojen\u00fdm s vodn\u00edm prost\u0159ed\u00edm. V sou\u010dasn\u00e9 dob\u011b p\u016fsob\u00ed v deseti kraj\u00edch \u010cesk\u00e9 republiky&nbsp;a je aktivn\u00ed sou\u010d\u00e1st\u00ed Integrovan\u00e9ho z\u00e1chrann\u00e9ho syst\u00e9mu \u010cR. VZS je \u010dlenem mezin\u00e1rodn\u00ed organizace vodn\u00ed z\u00e1chrany&nbsp;International&#8230;<\/p>\n","protected":false},"author":2,"featured_media":0,"parent":205,"menu_order":1,"comment_status":"closed","ping_status":"closed","template":"","meta":{"_exactmetrics_skip_tracking":false,"_exactmetrics_sitenote_active":false,"_exactmetrics_sitenote_note":"","_exactmetrics_sitenote_category":0,"ngg_post_thumbnail":0,"footnotes":""},"class_list":["post-207","page","type-page","status-publish","hentry"],"_links":{"self":[{"href":"https:\/\/www.vzschrudim.cz\/index.php\/wp-json\/wp\/v2\/pages\/207","targetHints":{"allow":["GET"]}}],"collection":[{"href":"https:\/\/www.vzschrudim.cz\/index.php\/wp-json\/wp\/v2\/pages"}],"about":[{"href":"https:\/\/www.vzschrudim.cz\/index.php\/wp-json\/wp\/v2\/types\/page"}],"author":[{"embeddable":true,"href":"https:\/\/www.vzschrudim.cz\/index.php\/wp-json\/wp\/v2\/users\/2"}],"replies":[{"embeddable":true,"href":"https:\/\/www.vzschrudim.cz\/index.php\/wp-json\/wp\/v2\/comments?post=207"}],"version-history":[{"count":11,"href":"https:\/\/www.vzschrudim.cz\/index.php\/wp-json\/wp\/v2\/pages\/207\/revisions"}],"predecessor-version":[{"id":794,"href":"https:\/\/www.vzschrudim.cz\/index.php\/wp-json\/wp\/v2\/pages\/207\/revisions\/794"}],"up":[{"embeddable":true,"href":"https:\/\/www.vzschrudim.cz\/index.php\/wp-json\/wp\/v2\/pages\/205"}],"wp:attachment":[{"href":"https:\/\/www.vzschrudim.cz\/index.php\/wp-json\/wp\/v2\/media?parent=207"}],"curies":[{"name":"wp","href":"https:\/\/api.w.org\/{rel}","templated":true}]}}